What is the highest common divisor of z and 8?
8
Let b be 1/4*(3 + 1). Let v be (b/2 + -1)*-38. Suppose -56 = -4*s + 3*j, 3*j - 9 - v = -2*s. What is the greatest common divisor of 154 and s?
14
Suppose 2*i - 90 = -10. Suppose i - 4 = 3*y. What is the greatest common factor of 84 and y?
12
Let r(c) = -83*c + 1. Suppose -5*q + 5 = -5*f, -2*f - 5*q = -5*f - 3. Let m be r(f). Calculate the greatest common divisor of 12 and m.
12
Let z(i) = 9*i - 1. Let x be z(1). Let n = 108 + -90. Let s = n - x. What is the greatest common divisor of s and 25?
5
Let y = -2 + 2. Suppose -4*h = -4*b - 20, -5*h + 2*h + 15 = y. Let s be b*(-3)/6 - -28. Calculate the greatest common divisor of 7 and s.
7
Let i = -14 + 8. Let t be -2 - i/2 - -1. Suppose -5*q + 10 = 8*a - 3*a, 4 = t*q + 4*a. What is the greatest common factor of q and 5?
1
Suppose 6*c - 49 = 35. Calculate the highest common divisor of 2 and c.
2
Suppose -36 = -m - 2*m. Let c = -83 + 143. What is the highest common factor of c and m?
12
Let j be 4/(-6) - (-7)/(-3). Let o be (-10)/j + 1/(-3). Suppose -o*v + 11 + 43 = l, -5*v = -5*l + 330. What is the highest common divisor of l and 9?
9
Let y(p) = p**2 + 11*p - 1. Let t be y(-12). Let u = -22 - -33. What is the greatest common factor of t and u?
11
Suppose 202 = 2*z + 4*n, -6*n + n = 3*z - 305. Let y be -30*(3 - (-21)/(-6)). Calculate the highest common factor of z and y.
15
Suppose -48 = -2*n - 4*s, 3*s + s = 0. Let u(o) = -10*o - 10. Let j(z) = -2*z + 5. Let y be j(6). Let p be u(y). What is the greatest common factor of n and p?
12
Suppose -5*c + 4*c = 71. Let l = -8 - c. What is the highest common divisor of 9 and l?
9
Let q(g) = -14*g - 7. Let k be q(-6). What is the greatest common divisor of 7 and k?
7
Let b(g) = g**3 - 11*g**2 + 10*g + 3. Let j be b(10). Let f be 0/(j + 1*-4). Let a be -2*(f + (-441)/6). Calculate the highest common factor of a and 21.
21
Let f(m) = -m**3 - 7*m**2 - m + 1. Let w be f(-7). Let n be 1*2 + (5 - w). Let j be (-1 + -2)/3*n. Calculate the highest common factor of 2 and j.
1
Suppose 5 = 2*m - 27. Calculate the greatest common divisor of m and 40.
8
Suppose -2*g + z = -4*g - 1, 0 = -5*z - 5. Let k be 2/((g - 3)/3). Let d be (k - 1)/(1/(-3)). Calculate the highest common factor of 9 and d.
9
Let o(g) = g**3 + g**2 - g + 16. Let u be o(0). Calculate the highest common factor of 24 and u.
8
Suppose -t + 3 + 12 = 0. Calculate the greatest common divisor of 10 and t.
5
Let s(d) = d**3 - 2*d**2 + 4*d - 5. Let g be s(3). Suppose 44 = 5*m - 36. What is the greatest common factor of g and m?
16
Suppose 3*c + 116 = -4*l, 4*c - 2*c + 70 = l. Let d be c/(-21)*(2 + 5). Calculate the highest common divisor of d and 96.
12
Let o(t) = 10*t. Let x be o(2). Let n(w) = w**3 + 6*w**2 - 8*w - 3. Let r be n(-7). What is the greatest common divisor of r and x?
4
Suppose -t + 4*p = -0*p + 2, -t - p + 8 = 0. What is the greatest common factor of t and 9?
3
Let x(o) = 3*o**2 + 3*o - 7. Let l be x(-8). Calculate the greatest common divisor of l and 23.
23
Let n(a) = -7*a - 1. Let p(j) = 11*j + 1. Let y(r) = 8*n(r) + 5*p(r). Suppose -16 = 5*m + 19. Let d be y(m). What is the highest common divisor of d and 16?
4
Let c = -5 - -11. Suppose -3*u = -4*u + c. What is the greatest common divisor of 12 and u?
6
Let t(z) = -16*z + 0 + 10*z + 1 - 16*z. Let x be t(-2). Suppose 0 = 3*w - 35 - 19. What is the greatest common factor of x and w?
9
Suppose u + 2 = 0, -3*y + 3*u + 32 = 5*u. What is the highest common divisor of y and 6?
6
Suppose 5*y + 31 + 81 = 4*n, n - y = 29. Suppose -5*g + 120 = -2*v - 2*v, -90 = -4*g + 2*v. Suppose -5*l - 5 = -g. What is the highest common factor of n and l?
3
Let x(c) = c**2 + 5*c - 6. Let w be x(-6). Suppose 3*a + 2*b - 14 = w, 0 = 4*a - 3*b - 17 - 30. What is the greatest common divisor of a and 40?
8
Let g be (-6)/2*40/(-15). What is the highest common factor of g and 72?
8
Let l = 5 - 1. Suppose 0 = -l*p + 5*z + 8, -z + 2*z = 3*p - 6. Calculate the highest common factor of p and 2.
2
Suppose 2*g - 27 = -5. Calculate the highest common factor of 22 and g.
11
Suppose 4*u - 40 = -4*z, 2*u + 3*z - 10 = u. Let i(w) = 4*w**2 - 21*w + 2. Let k be i(8). Calculate the highest common divisor of u and k.
10
Suppose 3*h + 4*u = 13, 5*h - 2*h = 4*u + 29. Let q be 4/6 + h/3. Calculate the highest common factor of 1 and q.
1
Suppose 0*z - 25 = 5*z. Let q(o) = -5*o - 5. Let c be q(z). Suppose -2*w = 4 - c. Calculate the highest common factor of 72 and w.
8
Suppose 8*p = 10*p - 160. Calculate the highest common factor of 20 and p.
20
Let m(q) = -q**2 - 7*q + 8. Let j = -21 - -13. Let w be m(j). Suppose w = -4*d - k - 0*k + 12, -5*k + 12 = -4*d. What is the greatest common factor of 10 and d?
2
Let b = -72 + 92. What is the greatest common factor of b and 6?
2
Suppose -3*w + 240 = -2*w. Calculate the greatest common factor of 12 and w.
12
Let a = 5 - 12. Let p be (a - -2) + 2 + 4. Let d = -17 + 28. What is the greatest common divisor of p and d?
1
Suppose -2*g = -7*g - 90. Let p = g - -38. Calculate the highest common factor of p and 30.
10
Suppose 4*w + 10 = 6*w. Suppose -w*c - 70 = -5*l, c + 70 = 5*l - 0*c. Suppose -10 - l = -3*a. What is the highest common factor of 1 and a?
1
Let u(r) = 2*r**2 - 3*r - 2. Let s be u(-2). Suppose 2*m - m = s. Calculate the greatest common factor of 48 and m.
12
Let o(y) = 2*y**2 - 3*y. Let a be (-4)/22 + 136/22. Let h(z) = z**2 - 5*z + 1. Let k be h(a). Let u be o(k). What is the highest common factor of 11 and u?
11
Suppose 5*w = 121 - 41. Let f = 24 + -10. Suppose 0 = d - f - 26. Calculate the greatest common factor of w and d.
8
Suppose q + p + 2 = -0*p, -16 = 4*p. Suppose 5*o + 14 = -n, 2*n + 2*o + 1 = -3. What is the greatest common factor of q and n?
1
Let a = -2 + 1. Let k = 1 - a. Suppose k = w + w. What is the highest common divisor of 8 and w?
1
Suppose y = 5*y - 24. Let i(c) be the first derivative of c**4/4 - 7*c**3/3 + 9*c**2/2 - 4*c - 1. Let b be i(y). What is the highest common divisor of b and 56?
14
Let u(q) = -q**2 - 8*q + 9. Let l be u(-8). Calculate the highest common divisor of l and 9.
9
Let n be -14 - -2 - (-3 - -1). Let m be (-208)/n - 6/(-30). Let p(q) = -q + 3. Let a be p(0). Calculate the greatest common divisor of a and m.
3
Let p(w) = 5 - 2 - 2 + 10*w + 0. Let d be p(1). What is the greatest common divisor of d and 44?
11
Let u(f) = f**3 + 2*f - 50. Let v be u(0). Let y = 72 + v. What is the highest common factor of y and 55?
11
Let n = -3 - -38. Calculate the greatest common divisor of n and 175.
35
Let p = -139 + 145. Calculate the greatest common factor of p and 60.
6
Let c = 0 - -1. Let g be c + 2/(-2) + 2. Let s be ((-22)/(-4))/(g/24). Calculate the highest common divisor of 11 and s.
11
Suppose 0 = -4*z - 2*u + 22, u = z - 0*z + 2. Suppose -6*j + 36 = -z*j. Let r = -70 - -118. What is the highest common divisor of r and j?
12
Suppose -2*q - 3*q = 4*z - 567, q - 117 = z. What is the highest common factor of 23 and q?
23
Let i(l) = l + 3. Suppose 2 = q - 4. Let u be i(q). What is the greatest common divisor of u and 9?
9
Suppose -260 = -3*g - g. Suppose v - g = -0*v. Suppose 0 = -2*n - 3*n + v. What is the greatest common factor of 117 and n?
13
Let x = 70 + -62. What is the greatest common factor of x and 56?
8
Let s be ((-36)/(-20))/(2/(-20)*-1). Calculate the greatest common divisor of s and 198.
18
Let y(m) = m**2 + m + 55. Let x be y(0). Let f = 95 - x. Suppose -g - f = -6*g. Calculate the greatest common divisor of 24 and g.
8
Let c(t) = 3*t - 1. Let f be c(2). What is the highest common divisor of 5 and f?
5
Suppose -2*j + 9 = j. Suppose -j*t = 5*k - 53, 2*k - 3 = -k. Let c = 0 - -8. What is the highest common factor of c and t?
8
Let m(h) = -h**2 + 10*h + 1. Let y be m(10). Let a be (-27)/(((-9)/6)/y). What is the highest common factor of a and 198?
18
Let o be (-4895)/(-35) - 4/(-28). What is the highest common factor of 20 and o?
20
Let j = 2 - 6. Let l(k) = -k + 3*k - 5 - 2*k + 8*k**2 - 5*k. Let h be l(j). Calculate the greatest common divisor of h and 13.
13
Suppose 3*q - s = 34, 2*s - 7 = -2*q + 5. Let k = 12 - q. Suppose p - k*p = -63. What is the highest common factor of 7 and p?
7
Let a = -8 - -14. Let x(v) = -v - 3. Let q be x(-6). Suppose 99 - 9 = 